5, what is 22 - 100?
-23
In base 3, what is -1 + 201?
200
In base 8, what is 31 - 161?
-130
In base 3, what is 1 + -201?
-200
In base 14, what is -165 + 3?
-162
In base 13, what is 4 - 45?
-41
In base 3, what is -121012011 + 10?
-121012001
In base 14, what is d0 - 1?
cd
In base 5, what is 4 - 420?
-411
In base 5, what is -10 - -43?
33
In base 8, what is -5 + -5255?
-5262
In base 4, what is -1111 - -1?
-1110
In base 8, what is -11 - -10?
-1
In base 13, what is 7 + -301?
-2c7
In base 9, what is 7 - 1367?
-1360
In base 3, what is -101 - 211?
-1012
In base 12, what is 7 - 643?
-638
In base 2, what is -100 - -101000010?
100111110
In base 8, what is 111 + 35?
146
In base 3, what is -1220211 - -1?
-1220210
In base 14, what is -4 + -185?
-189
In base 7, what is -4535 - -3?
-4532
In base 12, what is -4 + -1a?
-22
In base 14, what is -1c60 - -3?
-1c5b
In base 2, what is 101101111 + -11?
101101100
In base 8, what is -425 + 0?
-425
In base 12, what is -13 + -3?
-16
In base 12, what is 49 - 5?
44
In base 7, what is 131 - -2?
133
In base 5, what is 1432 + 4?
1441
In base 8, what is -5 + 6042?
6035
In base 6, what is 352 - 340?
12
In base 8, what is -7 + -10?
-17
In base 16, what is -224 + a?
-21a
In base 3, what is -10 - -20221202?
20221122
In base 2, what is -100 - 100011100?
-100100000
In base 16, what is -4e - 2?
-50
In base 4, what is -12 + -23?
-101
In base 6, what is 2232 + 0?
2232
In base 8, what is 204 - 3?
201
In base 11, what is -3 + -15?
-18
In base 5, what is 1 + -43?
-42
In base 14, what is 1a + -7?
13
In base 3, what is -1201 - 11000?
-12201
In base 14, what is 5 - -40?
45
In base 10, what is 8 + 43?
51
In base 14, what is 123 + -4?
11d
In base 3, what is 2022 - -11002?
20101
In base 8, what is -12 - 212?
-224
In base 3, what is -12 - 11?
-100
In base 11, what is -4 - -761?
758
In base 9, what is -3 + 473?
470
In base 7, what is 63 + 3?
66
In base 5, what is 1230 + -10?
1220
In base 13, what is 7 + -c?
-5
In base 12, what is 48 + -61?
-15
In base 6, what is 3 + 51512?
51515
In base 7, what is -66 + 1?
-65
In base 4, what is -132203 - -11?
-132132
In base 5, what is 10113 + -10?
10103
In base 3, what is -10211 - 120?
-11101
In base 14, what is 2b - b?
20
In base 15, what is -18 - -1?
-17
In base 14, what is 26 - 33a?
-314
In base 7, what is 2 + 303?
305
In base 16, what is 0 + -18?
-18
In base 11, what is -13 + 5?
-9
In base 6, what is 3 - 235?
-232
In base 3, what is -10 - 2111?
-2121
In base 14, what is 32b + -1a?
311
In base 10, what is 2923 - -2?
2925
In base 3, what is 110102 - -2?
110111
In base 14, what is 2b2 - -b?
2bd
In base 5, what is -401 - -220?
-131
In base 9, what is -4844 - 2?
-4846
In base 4, what is -103 - 22301?
-23010
In base 8, what is 32723 - 2?
32721
In base 10, what is -4 + 51?
47
In base 4, what is 1312 + 10?
1322
In base 3, what is -112 + -1020111?
-1021000
In base 8, what is 46 - -3?
51
In base 8, what is 112 + -5?
105
In base 12, what is 2 - -62?
64
In base 4, what is -3122 - -12?
-3110
In base 6, what is -13 + -112?
-125
In base 4, what is 222 + -33?
123
In base 7, what is -24 + 11?
-13
In base 13, what is -2c - 153?
-182
In base 16, what is -79 - -3?
-76
In base 6, what is -53 - -430?
333
In base 8, what is 13 - 161?
-146
In base 7, what is -36 - -13?
-23
In base 15, what is -63 + 152?
de
In base 11, what is -1a6 - 6?
-201
In base 14, what is -4 - -18d2?
18cc
In base 14, what is -3d - -29?
-14
In base 16, what is 1e2 - 2?
1e0
In base 5, what is -31 - 42?
-123
In base 16, what is 37 + 11?
48
In base 3, what is -100 + 11?
-12
In base 12, what is 512 + 3?
515
In base 8, what is 1314 - -3?
1317
In base 15, what is 1a5 + 1?
1a6
In base 15, what is -11d + 0?
-11d
In base 6, what is 3 - -21350?
21353
In base 9, what is -3528 + -4?
-3533
In base 4, what is 20122101 + 3?
20122110
In base 10, what is -655 + 4?
-651
In base 2, what is 101 + -10001100001?
-10001011100
In base 6, what is 0 - -21022?
21022
In base 5, what is 3 + 21413?
21421
In base 15, what is 6c + 15?
82
In base 8, what is 10 - 652?
-642
In base 2, what is -10100000 + -101?
-10100101
In base 4, what is 112 + -1012?
-300
In base 14, what is 482 - -4?
486
In base 15, what is -6c + -1a?
-87
In base 16, what is -7 - 7?
-e
In base 7, what is -1 - 212?
-213
In base 14, what is d8 + 1?
d9
In base 10, what is -2 - -117?
115
In base 7, what is 436 + -1?
435
In base 10, what is 0 + 883?
883
In base 13, what is -523 + 4?
-51c
In base 3, what is -110 - -21210?
21100
In base 12, what is 381 - 0?
381
In base 13, what is -1 + -62?
-63
In base 10, what is -2577 + 0?
-2577
In base 11, what is -9 + -21?
-2a
In base 7, what is 4 + 151?
155
In base 14, what is 0 - -197?
197
In base 3, what is -111021 - -11?
-111010
In base 3, what is 120 + -100?
20
In base 3, what is 11 - -1000020?
1000101
In base 13, what is -15 - -1?
-14
In base 9, what is 1133 + -7?
1125
In base 2, what is 1101100 + 1010?
1110110
In base 5, what is -110 - 30?
-140
In base 4, what is 2032 - -1121?
3213
In base 8, what is 2 + 3?
5
In base 3, what is 12 - -110?
122
In base 8, what is 47 - 0?
47
In base 15, what is 5b + -7?
54
In base 5, what is 243334 - -4?
243343
In base 9, what is 2 - -1486?
1488
In base 15, what is 13 - -3a?
4d
In base 7, what is 4 + 101?
105
In base 4, what is -230233 - -1?
-230232
In base 13, what is -38 + 3?
-35
In base 15, what is -1 - 3c?
-3d
In base 13, what is 3 - -15?
18
In base 13, what is -1a - -49?
2c
In base 12, what is -163 + -1a?
-181
In base 7, what is 5 - 11?
-3
In base 13, what is -4 + -152b?
-1532
In base 2, what is 101110 - 10?
101100
In base 13, what is 993 + -c?
984
In base 15, what is 0 + -60?
-60
In base 5, what is 1 + -22?
-21
In base 15, what is 231 + -1?
230
In base 8, what is -2 - -744?
742
In base 10, what is 4 - -68?
72
In base 7, what is -15 - 30?
-45
In base 12, what is -2 - 1?
-3
In base 10, what is -1477 - 12?
-1489
In base 13, what is 81 - 2a?
54
In base 3, what is 1222 - -12?
2011
In base 3, what is -2 + -1010?
-1012
In base 9, what is 217 + -3?
214
In base 16, what is d + 184?
191
In base 15, what is -4 + 64?
60
In base 4, what is 1 - -313?
320
In base 4, what is 232 - 100?
132
In base 3, what is -1101 + 22?
-1002
In base 9, what is -260 - 4?
-264
In base 15, what is -9 + -c6?
-d0
In base 4, what is -1311 - 3?
-1320
In base 14, what is -b8 + 0?
-b8
In base 7, what is 2423 + -4?
2416
In base 8, what is 0 + -104?
-104
In base 5, what is -11124 - -10?
-11114
In base 4, what is -10301 + 1?
-10300
In base 16, what is 1 - 22?
-21
In base 16, what is a + -1?
9
In base 16, what is 3bc + -4?
3b8
In base 10, what is 2 + -4149?
-4147
In base 14, what is -9 + 1c?
13
In base 7, what is 56 + -53?
3
In base 13, what is -21 + -10?
-31
In base 4, what is -31 + -13?
-110
In base 15, what is -6 + 5c?
56
In base 14, what is 3 - 7a7?
-7a4
In base 4, what is -20010 - -32?
-13312
In base 10, what is -3 - -10?
7
In base 13, what is 606 + 3?
609
In base 10, what is 1 - 888?
-887
In base 16, what is -142 + 3?
-13f
In base 2, what is 10001 - -101100101?
101110110
In base 14, what is 3a - -9?
45
In base 11, what is 0 + -263a?
-263a
In base 12, what is 1 - -877?
878
In base 14, what is -2 - 607?
-609
In base 11, what is -2 + 8?
6
In base 11, what is -126 + -2a?
-155
In base 14, what is 33 - -d?
42
In base 8, what is -5 - 73?
-100
In base 11, what is 0 - -15?
15
In base 16, what is -168 + 4?
-164
In base 12, what is -1b5 + 36?
-17b
In base 2, what is 1011111 - 10010100?
-110101
In base 8, what is 5 + 33?
40
In base 2, what is -10010001 - 1101000?
-11111001
In base 9, what is -3 + 311?
307
In base 16, what is 61 + 0?
61
In base 11, what is 4a02 + -3?
49aa
In base 9, what is 3 - 41?
-37
In base 7, what is 20432 + 0?
20432
In base 11, what is -3 + 241?
239
In base 7, what is -26 - -4?
-22
In base 13, what is -159 - -1a?
-13c
In base 13, what is -11 + -26?
-37
In base 14, what is 2b - -10?
3b
In base 12, what is -75 + 2?
-73
In base 2, what is -1100 - 1001?
-10101
In base 8, what is 20647 + -2?
20645
In base 9, what is -4 + 15?
11
In base 5, what is 11313 + 3?
11321
In base 15, what is -7 - 934?
-93b
In base 6, what is 2022 + 2?
2024
In base 13, what is 5 + -71?
-69
In base 3, what is -1120 + 11200?
10010
In base 15, what is 6 + 27?
2d
In base 9, what is 4 + 80?
84
In base 15, what is -